{"id":357,"date":"2025-07-30T01:58:28","date_gmt":"2025-07-30T01:58:28","guid":{"rendered":"https:\/\/sydetec.com\/wp66\/?page_id=357"},"modified":"2025-07-30T02:01:06","modified_gmt":"2025-07-30T02:01:06","slug":"soluciones-en-videovigilancia-de-alta-tecnologia","status":"publish","type":"page","link":"https:\/\/sydetec.com\/wp66\/soluciones-en-videovigilancia-de-alta-tecnologia\/","title":{"rendered":"Soluciones en Videovigilancia de Alta Tecnolog\u00eda"},"content":{"rendered":"\n\n\n\n\n\n\n\n\n\n\n\n\n\n\n\n\n\n\n\n\n\n\n\n\n\n\n\n<p style=\"text-align: right; \"><span style=\"font-size: 20px; color: rgb(255, 255, 255);\"><strong style=\"line-height: 1;\">LOREM CORPORATE CEO<\/strong><\/span><\/p><p style=\"text-align: center;\"><span style=\"color: rgb(255, 255, 255);\">Duis aute irure dolor in reprehenderit in voluptate velit esse cillum dolore eu fugiat nulla pariatur. Excepteur sint occaecat cupidatat non proident, sunt in culpa qui officia deserunt mollit anim id est laborum.<\/span><\/p><p style=\"text-align: left;\"><sign>\u00a0 \u00a0 \u00a0 <span style=\"line-height: 2.0;\">Benn Marshall<\/span><\/sign><\/p>\n<p>Lorem Ipsum has been the industry&#8217;s standard dummy text ever since the 1500s.<\/p>\n\n\n<p><span style=\"font-size: 14px; letter-spacing: 0px;\"><\/span><\/p><ul data-start=\"477\" data-end=\"695\" style=\"transition-duration: 1s; text-decoration-style: initial;\"><ul data-start=\"853\" data-end=\"1145\" style=\"margin-left: 15px; text-decoration-style: initial;\"><ul style=\"margin-left: 15px; transition-duration: 1s; text-decoration-style: initial;\"><li data-start=\"242\" data-end=\"384\" style=\"\"><p data-start=\"245\" data-end=\"384\" style=\"margin-bottom: 15px;\"><span data-start=\"245\" data-end=\"285\" style=\"\">C\u00e1maras IP 4K UHD de alta resoluci\u00f3n.<\/span><br data-start=\"285\" data-end=\"288\">Visi\u00f3n n\u00edtida en tiempo real,<font color=\"#555555\" face=\"Roboto\"><span style=\"font-size: 14px;\"> ideales para entornos industriales, educativos y residenciales.<\/span><\/font><\/p><\/li><li data-start=\"386\" data-end=\"521\" style=\"color: rgb(85, 85, 85); font-family: Roboto; font-size: 15px; letter-spacing: normal;\"><p data-start=\"389\" data-end=\"521\" style=\"margin-bottom: 15px; font-size: 14px;\"><span data-start=\"389\" data-end=\"432\" style=\"font-weight: bolder;\">C\u00e1maras PTZ motorizadas con zoom \u00f3ptico<\/span><br data-start=\"432\" data-end=\"435\">Control remoto de paneo, inclinaci\u00f3n y zoom para vigilancia en grandes superficies.<\/p><\/li><li data-start=\"523\" data-end=\"657\" style=\"color: rgb(85, 85, 85); font-family: Roboto; font-size: 15px; letter-spacing: normal;\"><p data-start=\"526\" data-end=\"657\" style=\"margin-bottom: 15px; font-size: 14px;\"><span data-start=\"526\" data-end=\"585\" style=\"font-weight: bolder;\">C\u00e1maras t\u00e9rmicas para detecci\u00f3n en condiciones cr\u00edticas.&nbsp;<\/span>Monitoreo en entornos con poca visibilidad o riesgos industriales.<\/p><\/li><li data-start=\"659\" data-end=\"825\" style=\"color: rgb(85, 85, 85); font-family: Roboto; font-size: 15px; letter-spacing: normal;\"><p data-start=\"662\" data-end=\"825\" style=\"margin-bottom: 15px; font-size: 14px;\"><span data-start=\"662\" data-end=\"726\" style=\"font-weight: bolder;\">Sistemas de videovigilancia con inteligencia artificial (IA)&nbsp;<\/span>Reconocimiento facial, detecci\u00f3n de objetos, conteo de personas y an\u00e1lisis de comportamiento.<\/p><\/li><li data-start=\"827\" data-end=\"973\" style=\"color: rgb(85, 85, 85); font-family: Roboto; font-size: 15px; letter-spacing: normal;\"><p data-start=\"830\" data-end=\"973\" style=\"margin-bottom: 15px; font-size: 14px;\"><span data-start=\"830\" data-end=\"883\" style=\"font-weight: bolder;\">Grabadores NVR con almacenamiento redundante RAID.&nbsp;<\/span>Seguridad de datos, grabaci\u00f3n co<span style=\"font-size: 14px; letter-spacing: 0px;\">ntinua y acceso remoto desde m\u00faltiples dispositivos.<\/span><\/p><\/li><span style=\"color:#000000;\"><li data-start=\"827\" data-end=\"973\" style=\"font-family: Roboto; font-size: 15px; letter-spacing: normal;\"><p data-start=\"830\" data-end=\"973\" style=\"margin-bottom: 15px; font-size: 14px;\"><span data-start=\"1121\" data-end=\"1178\" style=\"\">C\u00e1maras con visi\u00f3n <\/span><span data-start=\"1121\" data-end=\"1178\">n<\/span><span data-start=\"1121\" data-end=\"1178\">octurna IR.&nbsp;<\/span>Imagen clara incluso en completa oscuridad.&nbsp;<\/p><\/li><\/span><li data-start=\"1585\" data-end=\"1703\" style=\"color: rgb(85, 85, 85); font-family: Roboto; font-size: 15px; letter-spacing: normal; transition-duration: 1s;\"><p data-start=\"1589\" data-end=\"1703\" style=\"margin-bottom: 15px; font-size: 14px; transition-duration: 1s;\"><span data-start=\"1589\" data-end=\"1648\" style=\"font-weight: bolder;\">Drones de videovigilancia a\u00e9rea con transmisi\u00f3n en vivo<\/span><\/p><\/li><\/ul><\/ul><\/ul>\n\n\n\n\n","protected":false},"excerpt":{"rendered":"","protected":false},"author":1,"featured_media":0,"parent":0,"menu_order":0,"comment_status":"closed","ping_status":"closed","template":"","meta":{"pagelayer_contact_templates":[],"_pagelayer_content":"","footnotes":""},"class_list":["post-357","page","type-page","status-publish","hentry"],"_links":{"self":[{"href":"https:\/\/sydetec.com\/wp66\/wp-json\/wp\/v2\/pages\/357"}],"collection":[{"href":"https:\/\/sydetec.com\/wp66\/wp-json\/wp\/v2\/pages"}],"about":[{"href":"https:\/\/sydetec.com\/wp66\/wp-json\/wp\/v2\/types\/page"}],"author":[{"embeddable":true,"href":"https:\/\/sydetec.com\/wp66\/wp-json\/wp\/v2\/users\/1"}],"replies":[{"embeddable":true,"href":"https:\/\/sydetec.com\/wp66\/wp-json\/wp\/v2\/comments?post=357"}],"version-history":[{"count":5,"href":"https:\/\/sydetec.com\/wp66\/wp-json\/wp\/v2\/pages\/357\/revisions"}],"predecessor-version":[{"id":364,"href":"https:\/\/sydetec.com\/wp66\/wp-json\/wp\/v2\/pages\/357\/revisions\/364"}],"wp:attachment":[{"href":"https:\/\/sydetec.com\/wp66\/wp-json\/wp\/v2\/media?parent=357"}],"curies":[{"name":"wp","href":"https:\/\/api.w.org\/{rel}","templated":true}]}}