{"id":311,"date":"2025-07-30T01:58:42","date_gmt":"2025-07-30T01:58:42","guid":{"rendered":"https:\/\/sydetec.com\/wp66\/?page_id=311"},"modified":"2025-08-30T07:43:49","modified_gmt":"2025-08-30T07:43:49","slug":"capacitacion-y-transferencia-de-tecnologia","status":"publish","type":"page","link":"https:\/\/sydetec.com\/wp66\/capacitacion-y-transferencia-de-tecnologia\/","title":{"rendered":"Capacitaci\u00f3n y Transferencia de Tecnolog\u00eda"},"content":{"rendered":"\n\n\n<h1><span style=\"color: rgb(0, 0, 0); font-family: Poppins; font-size: 20px; letter-spacing: normal; text-decoration-style: initial;\">Ofrecemos formaci\u00f3n t\u00e9cnica y operativa para instituciones y empresas:<\/span><\/h1>\n\n\n\n<ul style=\"line-height: 2; font-size: large;\"><li><strong data-start=\"301\" data-end=\"357\" style=\"font-size: 14px; letter-spacing: 0px;\">Programaci\u00f3n de PLCs (Siemens, Allen-Bradley, Delta)<\/strong><\/li><li><strong data-start=\"360\" data-end=\"391\" style=\"font-size: 14px; letter-spacing: 0px;\">Supervisi\u00f3n con HMI y SCADA<\/strong><\/li><li><strong data-start=\"394\" data-end=\"447\" style=\"font-size: 14px; letter-spacing: 0px;\">Integraci\u00f3n de sensores y actuadores industriales<\/strong><\/li><li><strong data-start=\"450\" data-end=\"499\" style=\"font-size: 14px; letter-spacing: 0px;\">Automatizaci\u00f3n de procesos con IoT Industrial<\/strong><\/li><\/ul><ul data-start=\"299\" data-end=\"499\">\n<\/ul>\n\n\n\n\n<ul data-start=\"554\" data-end=\"803\"><li data-start=\"554\" data-end=\"628\"><strong data-start=\"556\" data-end=\"628\" style=\"font-size: 14px; letter-spacing: 0px;\">An\u00e1lisis de fallas y t\u00e9cnicas de mantenimiento preventivo\/correctivo<\/strong><\/li><span style=\"line-height:2.5;\"><span style=\"line-height:2.0;\">\n<li data-start=\"629\" data-end=\"684\">\n<p data-start=\"631\" data-end=\"684\"><strong data-start=\"631\" data-end=\"684\">Termograf\u00eda infrarroja y monitoreo de temperatura<\/strong><\/p>\n<\/li>\n<li data-start=\"685\" data-end=\"742\">\n<p data-start=\"687\" data-end=\"742\"><strong data-start=\"687\" data-end=\"742\">An\u00e1lisis de vibraciones y diagn\u00f3stico de maquinaria<\/strong><\/p>\n<\/li>\n<li data-start=\"743\" data-end=\"803\">\n<p data-start=\"745\" data-end=\"803\"><strong data-start=\"745\" data-end=\"803\">Planeaci\u00f3n del mantenimiento industrial basado en KPIs<\/strong><\/p><\/li><\/span><\/span>\n<\/ul>\n\n\n\n\n\n<ul data-start=\"869\" data-end=\"1108\"><li data-start=\"869\" data-end=\"928\"><strong data-start=\"871\" data-end=\"928\" style=\"font-size: 14px; letter-spacing: 0px;\">Dise\u00f1o de circuitos con Arduino, ESP32 y Raspberry Pi<\/strong><\/li><span style=\"line-height:2.5;\">\n<li data-start=\"929\" data-end=\"996\">\n<p data-start=\"931\" data-end=\"996\"><strong data-start=\"931\" data-end=\"996\">Interfaces de sensores y comunicaci\u00f3n serial (I2C, SPI, UART)<\/strong><\/p>\n<\/li>\n<li data-start=\"997\" data-end=\"1044\">\n<p data-start=\"999\" data-end=\"1044\"><strong data-start=\"999\" data-end=\"1044\">Prototipado de PCBs y pruebas funcionales<\/strong><\/p>\n<\/li>\n<li data-start=\"1045\" data-end=\"1108\">\n<p data-start=\"1047\" data-end=\"1108\"><strong data-start=\"1047\" data-end=\"1108\">Desarrollo de sistemas embebidos para monitoreo y control<\/strong><span style=\"font-size: 15px;\">.<\/span><\/p><\/li><\/span><\/ul>\n\n\n\n\n\n\n<ul><li data-start=\"1171\" data-end=\"1226\"><p data-start=\"1173\" data-end=\"1226\"><strong data-start=\"1173\" data-end=\"1226\">In<\/strong><strong data-start=\"1173\" data-end=\"1226\" style=\"letter-spacing: 0px;\">troducci\u00f3n al aprendizaje autom\u00e1tico con Python<\/strong><\/p><\/li><\/ul><span style=\"line-height:2.5;\">\n<ul><li data-start=\"1227\" data-end=\"1269\">\n<p data-start=\"1229\" data-end=\"1269\"><strong data-start=\"1229\" data-end=\"1269\">Procesamiento de im\u00e1genes con OpenCV<\/strong><\/p>\n<\/li><li data-start=\"1270\" data-end=\"1335\">\n<p data-start=\"1272\" data-end=\"1335\"><strong data-start=\"1272\" data-end=\"1335\">Aplicaciones de IA para videovigilancia y an\u00e1lisis de datos<\/strong><\/p><\/li><li data-start=\"1270\" data-end=\"1335\"><p data-start=\"1272\" data-end=\"1335\"><strong data-start=\"1338\" data-end=\"1400\" style=\"letter-spacing: 0px;\">Integraci\u00f3n de c\u00e1maras y sistemas de visi\u00f3n en tiempo real<\/strong><\/p><\/li><\/ul><\/span>\n\n\n\n\n\n\n<ul data-start=\"1448\" data-end=\"1660\"><li data-start=\"1448\" data-end=\"1516\"><strong data-start=\"1450\" data-end=\"1516\" style=\"font-size: 14px; letter-spacing: 0px;\">Configuraci\u00f3n de redes LAN\/WAN para sistemas de videoseguridad<\/strong><\/li><span style=\"line-height:2.5;\">\n<li data-start=\"1517\" data-end=\"1571\">\n<p data-start=\"1519\" data-end=\"1571\"><strong data-start=\"1519\" data-end=\"1571\">Instalaci\u00f3n y mantenimiento de c\u00e1maras IP y NVRs<\/strong><\/p>\n<\/li>\n<li data-start=\"1572\" data-end=\"1611\">\n<p data-start=\"1574\" data-end=\"1611\"><strong data-start=\"1574\" data-end=\"1611\">Gesti\u00f3n de video con software VMS<\/strong><\/p>\n<\/li>\n<li data-start=\"1612\" data-end=\"1660\">\n<p data-start=\"1614\" data-end=\"1660\"><strong data-start=\"1614\" data-end=\"1660\">Dise\u00f1o de soluciones de videovigilancia 4K<\/strong><\/p><\/li><\/span>\n<\/ul>\n\n\n\n\n\n\n<ul style=\"line-height: 2.5;\"><li data-start=\"2257\" data-end=\"2309\"><strong data-start=\"2259\" data-end=\"2309\" style=\"font-size: 14px; letter-spacing: 0px;\">Gesti\u00f3n de proyectos con enfoque en ingenier\u00eda<\/strong><\/li><li data-start=\"2310\" data-end=\"2366\">\n<p data-start=\"2312\" data-end=\"2366\"><strong data-start=\"2312\" data-end=\"2366\">Elaboraci\u00f3n de cronogramas y presupuestos t\u00e9cnicos<\/strong><\/p>\n<\/li><li data-start=\"2367\" data-end=\"2405\">\n<p data-start=\"2369\" data-end=\"2405\"><strong data-start=\"2369\" data-end=\"2405\">Auditor\u00edas t\u00e9cnicas y normativas&nbsp;<\/strong><\/p>\n<\/li><li data-start=\"2367\" data-end=\"2405\"><p data-start=\"2369\" data-end=\"2405\"><strong data-start=\"2369\" data-end=\"2405\">Lean six Sigma&nbsp;<\/strong><\/p><\/li><li data-start=\"2367\" data-end=\"2405\"><p data-start=\"2369\" data-end=\"2405\"><strong data-start=\"2369\" data-end=\"2405\">Ingenier\u00eda de Confiabilidad&nbsp;<\/strong><\/p><\/li><li data-start=\"2367\" data-end=\"2405\"><p data-start=\"2369\" data-end=\"2405\"><strong data-start=\"2369\" data-end=\"2405\">Gesti\u00f3n de activos f\u00edsicos<\/strong><\/p><\/li><\/ul><span style=\"line-height:2.5;\">\n\n\n<\/span>\n\n\n\n\n\n\n<a href=\"https:\/\/sydetec.com\/moodle\"><img decoding=\"async\" src=\"https:\/\/sydetec.com\/wp66\/wp-content\/uploads\/2025\/08\/ChatGPT-Image-30-ago-2025-01_22_10-a.m.png\"\n       alt=\"Entrar al Campus Virtual SYDETEC (Moodle)\">\n<\/a>\n\n\n\n\n\n\n\n<p>Lorem Ipsum has been the industry&#8217;s standard dummy text ever since the 1500s.<\/p>\n<p>Lorem Ipsum has been the industry&#8217;s standard dummy text ever since the 1500s.<\/p>\n<p>Lorem Ipsum has been the industry&#8217;s standard dummy text ever since the 1500s.<\/p>\n\n\n","protected":false},"excerpt":{"rendered":"","protected":false},"author":1,"featured_media":0,"parent":0,"menu_order":0,"comment_status":"closed","ping_status":"closed","template":"","meta":{"pagelayer_contact_templates":[],"_pagelayer_content":"","footnotes":""},"class_list":["post-311","page","type-page","status-publish","hentry"],"_links":{"self":[{"href":"https:\/\/sydetec.com\/wp66\/wp-json\/wp\/v2\/pages\/311"}],"collection":[{"href":"https:\/\/sydetec.com\/wp66\/wp-json\/wp\/v2\/pages"}],"about":[{"href":"https:\/\/sydetec.com\/wp66\/wp-json\/wp\/v2\/types\/page"}],"author":[{"embeddable":true,"href":"https:\/\/sydetec.com\/wp66\/wp-json\/wp\/v2\/users\/1"}],"replies":[{"embeddable":true,"href":"https:\/\/sydetec.com\/wp66\/wp-json\/wp\/v2\/comments?post=311"}],"version-history":[{"count":44,"href":"https:\/\/sydetec.com\/wp66\/wp-json\/wp\/v2\/pages\/311\/revisions"}],"predecessor-version":[{"id":416,"href":"https:\/\/sydetec.com\/wp66\/wp-json\/wp\/v2\/pages\/311\/revisions\/416"}],"wp:attachment":[{"href":"https:\/\/sydetec.com\/wp66\/wp-json\/wp\/v2\/media?parent=311"}],"curies":[{"name":"wp","href":"https:\/\/api.w.org\/{rel}","templated":true}]}}